emainder when 635 is divided by 9?
5
Calculate the remainder when 2760 is divided by 1376.
8
Calculate the remainder when 39817 is divided by 22.
19
Calculate the remainder when 148 is divided by 40.
28
Calculate the remainder when 402 is divided by 99.
6
Calculate the remainder when 1476 is divided by 13.
7
Calculate the remainder when 6582 is divided by 87.
57
What is the remainder when 5048 is divided by 33?
32
Calculate the remainder when 247 is divided by 23.
17
What is the remainder when 395 is divided by 80?
75
What is the remainder when 318 is divided by 32?
30
Calculate the remainder when 249 is divided by 26.
15
Calculate the remainder when 17 is divided by 1.
0
What is the remainder when 7 is divided by 7?
0
Calculate the remainder when 323 is divided by 22.
15
Calculate the remainder when 3408 is divided by 84.
48
What is the remainder when 3724 is divided by 32?
12
What is the remainder when 54 is divided by 6?
0
What is the remainder when 243 is divided by 101?
41
What is the remainder when 25037 is divided by 49?
47
What is the remainder when 356 is divided by 21?
20
What is the remainder when 3259 is divided by 48?
43
Calculate the remainder when 180 is divided by 46.
42
What is the remainder when 73 is divided by 25?
23
What is the remainder when 369 is divided by 31?
28
Calculate the remainder when 34 is divided by 9.
7
Calculate the remainder when 118 is divided by 35.
13
Calculate the remainder when 1186 is divided by 25.
11
Calculate the remainder when 111 is divided by 106.
5
Calculate the remainder when 192 is divided by 103.
89
What is the remainder when 192 is divided by 119?
73
Calculate the remainder when 159 is divided by 23.
21
What is the remainder when 408 is divided by 132?
12
Calculate the remainder when 2934 is divided by 67.
53
What is the remainder when 752 is divided by 38?
30
What is the remainder when 234 is divided by 82?
70
Calculate the remainder when 86 is divided by 11.
9
What is the remainder when 8323 is divided by 2?
1
What is the remainder when 235 is divided by 118?
117
What is the remainder when 2118 is divided by 697?
27
What is the remainder when 2517 is divided by 90?
87
What is the remainder when 4711 is divided by 5?
1
What is the remainder when 3437 is divided by 30?
17
Calculate the remainder when 75 is divided by 14.
5
Calculate the remainder when 158 is divided by 75.
8
Calculate the remainder when 746 is divided by 42.
32
Calculate the remainder when 108 is divided by 8.
4
Calculate the remainder when 155 is divided by 5.
0
Calculate the remainder when 36 is divided by 10.
6
What is the remainder when 1860 is divided by 8?
4
Calculate the remainder when 7966 is divided by 43.
11
What is the remainder when 16 is divided by 6?
4
What is the remainder when 357 is divided by 6?
3
Calculate the remainder when 150 is divided by 33.
18
Calculate the remainder when 108 is divided by 49.
10
What is the remainder when 205 is divided by 69?
67
What is the remainder when 3598 is divided by 20?
18
Calculate the remainder when 130 is divided by 49.
32
Calculate the remainder when 822 is divided by 263.
33
What is the remainder when 2969 is divided by 985?
14
Calculate the remainder when 438 is divided by 83.
23
Calculate the remainder when 869 is divided by 29.
28
Calculate the remainder when 19702 is divided by 19.
18
Calculate the remainder when 139 is divided by 50.
39
Calculate the remainder when 197 is divided by 22.
21
Calculate the remainder when 198 is divided by 51.
45
What is the remainder when 51 is divided by 9?
6
What is the remainder when 93 is divided by 83?
10
What is the remainder when 65 is divided by 40?
25
What is the remainder when 1699 is divided by 85?
84
Calculate the remainder when 119 is divided by 38.
5
Calculate the remainder when 46 is divided by 28.
18
What is the remainder when 563 is divided by 33?
2
Calculate the remainder when 168 is divided by 7.
0
What is the remainder when 463 is divided by 18?
13
Calculate the remainder when 1192 is divided by 571.
50
What is the remainder when 3858 is divided by 117?
114
Calculate the remainder when 404 is divided by 58.
56
Calculate the remainder when 581 is divided by 158.
107
Calculate the remainder when 21 is divided by 8.
5
Calculate the remainder when 435 is divided by 55.
50
What is the remainder when 169 is divided by 17?
16
What is the remainder when 1033 is divided by 47?
46
Calculate the remainder when 950 is divided by 187.
15
What is the remainder when 196 is divided by 88?
20
What is the remainder when 142 is divided by 74?
68
What is the remainder when 46 is divided by 12?
10
What is the remainder when 106 is divided by 10?
6
Calculate the remainder when 156 is divided by 28.
16
What is the remainder when 118 is divided by 15?
13
Calculate the remainder when 410 is divided by 22.
14
What is the remainder when 3005 is divided by 206?
121
Calculate the remainder when 279 is divided by 96.
87
Calculate the remainder when 2413 is divided by 101.
90
Calculate the remainder when 4285 is divided by 13.
8
What is the remainder when 461 is divided by 119?
104
What is the remainder when 317 is divided by 39?
5
What is the remainder when 453 is divided by 7?
5
Calculate the remainder when 50 is divided by 15.
5
What is the remainder when 1508 is divided by 14?
10
Calculate the remainder when 108 is divided by 14.
10
What is the remainder when 257 is divided by 221?
36
Calculate the remainder when 683 is divided by 36.
35
Calculate the remainder when 167 is divided by 41.
3
Calculate the remainder when 331 is divided by 148.
35
Calculate the remainder when 219 is divided by 13.
11
What is the remainder when 76 is divided by 11?
10
Calculate the remainder when 93 is divided by 4.
1
Calculate the remainder when 107 is divided by 99.
8
What is the remainder when 1236 is divided by 10?
6
What is the remainder when 227 is divided by 63?
38
What is the remainder when 289 is divided by 29?
28
Calculate the remainder when 37 is divided by 6.
1
What is the remainder when 368 is divided by 9?
8
What is the remainder when 64 is divided by 5?
4
What is the remainder when 165 is divided by 19?
13
What is the remainder when 41 is divided by 21?
20
Calculate the remainder when 319 is divided by 106.
1
What is the remainder when 505 is divided by 72?
1
Calculate the remainder when 61 is divided by 21.
19
Calculate the remainder when 1062 is divided by 518.
26
Calculate the remainder when 6746 is divided by 1348.
6
Calculate the remainder when 114 is divided by 52.
10
Calculate the remainder when 81 is divided by 28.
25
What is the remainder when 369 is divided by 136?
97
Calculate the remainder when 271 is divided by 53.
6
Calculate the remainder when 284 is divided by 24.
20
What is the remainder when 114 is divided by 63?
51
What is the remainder when 143 is divided by 25?
18
Calculate the remainder when 2143 is divided by 1065.
13
What is the remainder when 122 is divided by 48?
26
What is the remainder when 167 is divided by 8?
7
What is the remainder when 465 is divided by 87?
30
Calculate the remainder when 246 is divided by 50.
46
Calculate the remainder when 7422 is divided by 165.
162
Calculate the remainder when 7 is divided by 5.
2
Calculate the remainder when 217 is divided by 102.
13
Calculate the remainder when 1386 is divided by 69.
6
What is the remainder when 122 is divided by 33?
23
Calculate the remainder when 84 is divided by 75.
9
Calculate the remainder when 94 is divided by 29.
7
What is the remainder when 80 is divided by 70?
10
Calculate the remainder when 1067 is divided by 10.
7
What is the remainder when 4911 is divided by 33?
27
What is the remainder when 327 is divided by 38?
23
Calculate the remainder when 47 is divided by 3.
2
Calculate the remainder when 62 is divided by 19.
5
Calculate the remainder when 7319 is divided by 25.
19
What is the remainder when 10448 is divided by 13?
9
What is the remainder when 462 is divided by 55?
22
What is the remainder when 103 is divided by 46?
11
Calculate the remainder when 687 is divided by 24.
15
Calculate the remainder when 1641 is divided by 181.
12
What is the remainder when 163 is divided by 56?
51
What is the remainder when 22 is divided by 4?
2
What is th